 r(p) = -2*p**2 - p - 1. Let w(n) = -d(n) - 2*r(n). Calculate w(3).
0
Let z be 14/6 + (-2)/6. Let t be (3/z)/((-15)/20). Let n(j) = j**3 - 5*j**2 + 10*j. Let u(h) = h**2 - 2*h. Let m(b) = t*n(b) - 11*u(b). Give m(-2).
8
Let z be 35*((-20)/(-25) - 2). Let q = z - -47. Let g(j) = -j + 6. Determine g(q).
1
Let d(b) = -b**2 + b + 1. Let t be d(3). Let i(l) be the first derivative of -l**4/4 - 2*l**3 - 3*l**2/2 + 6*l - 522. What is i(t)?
-4
Suppose 5 = 2*f + 1. Let j(h) = 4*h - h**2 + 1 - 2 - f*h + 0*h. Calculate j(3).
-4
Let d be (27/(-3) - -5) + 7 + 1. Let o(m) be the third derivative of 7/24*m**d + 1/3*m**3 + 0 + 0*m + 3*m**2. Determine o(-2).
-12
Let u(i) = i**2 - 9*i + 14. Let z be 60/11 + 42/77. Determine u(z).
-4
Let j(t) = t + 3. Let z be j(-1). Let i(b) = -6 + 8*b**2 - 9*b**z + b**3 + b - 2*b**3 - 11. Determine i(0).
-17
Let x(p) be the second derivative of p**5/20 + 23*p**4/12 - p**2/2 + 3*p - 5. Calculate x(-23).
-1
Let w = 94 - 89. Suppose 2*m + 18 = -4*q - 0, 0 = -w*m + 5. Let z(s) = -s**2 - 3*s + 7. Give z(q).
-3
Let j(p) = -p**3 - 18 + 3*p**2 + 33 - 18. Let t be j(3). Let z(n) = n - 3. Calculate z(t).
-6
Let y(f) = -5*f**2 - 424*f**3 + 136*f**3 - 5 - 7*f + 143*f**3 + 144*f**3. Suppose -30 - 2 = -4*s. Let a = 4 - s. Give y(a).
7
Let d(c) = -c**2 + 5*c - 5. Let k be d(3). Let h(r) = 49*r**3 - r**2 + r. Determine h(k).
49
Let v be 4 - ((-4 - -3) + 4). Let i(w) = w**2 + w - 1. Let j(f) = -f**2 - 5*f + 4. Let b(t) = -4*i(t) - j(t). Determine b(v).
-2
Let h = 58/3 - 17. Let l(k) be the first derivative of k - h*k**3 - 1 + k**2. Give l(-1).
-8
Let h = 20 + -18. Let f(s) = -h - 7*s + 12*s + 2*s - 6*s. Calculate f(8).
6
Suppose -7 = 5*l + 38. Let f be (-6)/l + 5/15. Let u(n) = 0*n**3 + 4*n**2 - f + 2*n**2 + 7 + n**3. What is u(-6)?
6
Let q(k) be the first derivative of -k**4/4 - 5*k**3/3 + 2*k**2 - 4*k + 56. Calculate q(-5).
-24
Let z(g) = -18*g + 550. Let v be z(31). Let j(i) = i - 1. Determine j(v).
-9
Let f be (-3)/(-3) - (-4 + 9 - 6). Let j be (-2)/7 - (-48)/21. Let t(a) = a**2 + 3 - j - 5*a + 1. What is t(f)?
-4
Suppose 30 = 5*d + 180. Let x = -31 - d. Let k(s) = -7*s**2 + 1. Give k(x).
-6
Suppose -3*m + 39 = 12. Suppose -18 = 3*p - m*p. Let b(h) = -h**3 + 2*h**2 + 3*h - 2. Calculate b(p).
-2
Let p(s) be the third derivative of s**4/8 + 2*s**3 + 112*s**2. Let w be ((-3)/(-2))/(8/(-48)). Calculate p(w).
-15
Let b(i) = i**2 + 4*i - 1. Let n be -5*8/(-20) + 3. Let r be (-1)/(-5) - (-9)/n. Suppose 0 = 5*w + 5*q + 35, -3*q - 16 = r*w - 0*w. Determine b(w).
4
Let y(v) be the second derivative of 0 - 1/3*v**3 - 1/12*v**4 + 0*v**2 + 1/20*v**5 + 1/360*v**6 + 3*v. Let h(l) be the second derivative of y(l). What is h(-5)?
-7
Let q be (-4 - -14)/5 - (-11)/1. Let j(t) = -t**3 + 12*t**2 + 12*t + 12. What is j(q)?
-1
Let x(i) = i**2 - 4*i - 37. Let j be x(8). Let t(o) = o**3 + 5*o**2 - 2*o + 5. Determine t(j).
15
Let q = 21 - 17. Let s(k) be the second derivative of -k**5/20 + k**4/3 - k**3/3 + k**2 - k. What is s(q)?
-6
Suppose -u + 12 = 2*u, 0 = -v - 5*u + 26. Let k(q) = q**2 - 9*q + 21. What is k(v)?
3
Suppose 10*o + 158 + 72 = 0. Let v(s) = s + 42. Determine v(o).
19
Let y(j) = 7*j**2 - 1 + j**3 - 143*j + 448*j - 4 - 144*j - 153*j. Calculate y(-5).
5
Let p(c) = 3*c - 11*c + 7*c. Let s(v) = v**3 + 8*v**2 + 5. Let x be s(-8). Let u(m) = -m**2 + 4*m + 7. Let w be u(x). What is p(w)?
-2
Suppose -40 = 6*o - 28. Let k(w) = -4*w**2 + 1. What is k(o)?
-15
Let q = -864 - -853. Let a(j) = -j**3 - 10*j**2 + 10*j + 1. Calculate a(q).
12
Let l = 14 - 9. Suppose -3*c + 4 = -l. Let f(h) be the first derivative of h**2/2 + 2*h + 1. Give f(c).
5
Let y(c) = 2*c**3 - 8*c**2 + 2*c - 4. Let s be y(4). Let q(i) = -18*i + s + 17*i - 4 - 4*i**2. Let p = 5 - 6. Give q(p).
-3
Let v(i) = -8*i - 1. Let c(g) = 7*g + 1. Let p(b) = 7*b - 6. Let y be p(0). Let w(l) = y*v(l) - 7*c(l). Let f be 2*3 + (1 - 2). Calculate w(f).
-6
Let v = 7 + 19. Let p be v/10 + 24/(-40). Let b(z) = 6 - 3*z**3 + z + 2*z**3 - p - 3. Give b(-1).
1
Let q(d) = -d**2 + d - 11. Let p(t) = 3*t**3 - t**2 + t + 1. Let n be p(1). Suppose 4*w = 2*k - 2, -n*k + 0 + 4 = w. What is q(w)?
-11
Let t = -38 + 18. Let q be (4/(-10))/(8/t). Let d(l) = 11*l**2 + l - 1. Calculate d(q).
11
Let u = 85 + -1. Suppose u = 3*d + 30. Suppose 0 = -2*c + 4*x - d, -3*c + 2 + 15 = 5*x. Let s(m) = 2*m**3 + m**2 - 1. Calculate s(c).
-2
Let y(x) = -4*x**2 - 19*x - 11. Let q(n) = -11*n**2 - 54*n - 31. Let t(b) = -3*q(b) + 8*y(b). Determine t(-13).
44
Let z(r) = r**3 - 8*r**2 + r - 17. Let y be z(8). Let b be (-3)/y - 38/6. Let v(n) be the first derivative of n**4/4 + 2*n**3 + 5*n - 1. Calculate v(b).
5
Suppose -d + 2 + 2 = 0. Let p be d/(-2) + (-2 - -4). Let f(c) = -17*c - 7. Let q(m) = -48*m - 22. Let r(s) = -17*f(s) + 6*q(s). Calculate r(p).
-13
Let s = -78 - -86. Let k(o) = 2*o**2 - o - 1. Let x(g) = 7*g**2 + 2*g + 7. Let i(j) = 4*k(j) - x(j). Give i(s).
5
Let m(o) be the first derivative of -6 - 1/6*o**3 + 0*o + 1/8*o**4 - 9/2*o**2. Let q(z) be the second derivative of m(z). Give q(4).
11
Suppose -3*o - 35 = -4*g - 4*o, 5*g + 5*o = 25. Suppose -10 = -10*h + g. Let b(z) = z**3 - 3*z**2 + 2*z - 3. Give b(h).
-3
Let k(l) = -l - 1. Let b = -13 + 0. Let i = 9 + b. Calculate k(i).
3
Let q(r) = r**2 - 2*r + 19. Suppose 11*j = -419 + 419. Give q(j).
19
Let d(b) = -4*b**2 + 218*b - 116. Let i be d(54). Let f(o) = -o - 10. Calculate f(i).
-2
Let m(r) = 2*r + 2. Let c be 3/2 - 0 - (-363)/22. Let d be (-8 - 1)*6/c. Give m(d).
-4
Suppose -5*a + 6 = -2*k, -4*k + a = 3*a + 12. Let x(j) be the second derivative of -j**5/20 - j**4/3 - j**3/3 - 3*j**2/2 - 46*j. What is x(k)?
-6
Suppose 6*s - 1 - 65 = 0. Suppose -3 = -5*m + 2. Let k(c) = m - s + 5 - 8 - c. What is k(0)?
-13
Let a(n) = -n - 17. Let m(j) = -j**2 + 8*j + 60. Let f be m(-5). Determine a(f).
-12
Let v(l) = -3*l. Suppose -4*k + 21 = 3*k. Let f(n) = n - 2. Let y be f(3). Suppose -2*u - y = k. Give v(u).
6
Suppose -49*x + 17*x + 160 = 0. Let c(q) = -q**2 + 2*q + 18. Calculate c(x).
3
Suppose -5 = 4*f - 13. Let o(y) = 0*y**f + 1 + y**2 - 5 + 0*y**2 + 2*y. Calculate o(-4).
4
Let i(l) = -l**2 - 4*l + 3. Let k be i(-5). Suppose 4*h + 56 - 56 = 0. Let y(g) = h + 2 - 69*g**2 - g**3 - 2*g + 67*g**2. Determine y(k).
6
Let r(d) be the second derivative of d**3/3 + 5*d**2/2 + 270*d + 2. Let x be (2/(-3))/((-1)/6). Give r(x).
13
Let q(g) = 5*g**2 - 9*g - 4. Let l(y) be the third derivative of -y**5/60 - 16*y**2. Let z(x) = 6*l(x) + q(x). Determine z(-8).
4
Let x be (0 - -1) + 1 + 0. Suppose 0 = -k + 19 - 17. Let y(a) = -2 - x*a**2 + 0*a**k + 4 - 3. Calculate y(1).
-3
Let o = 75 - 71. Let y(h) = 2*h**3 + 7*h**2 + 2*h - 5. Let d(g) = 3*g**3 + 7*g**2 + 3*g - 6. Let n(j) = o*y(j) - 3*d(j). Calculate n(7).
-9
Let l = 50 - 44. Let n(m) = m + 0*m - 2 - l - 3. Determine n(0).
-11
Let b(q) = 3*q - 3. Let k(a) = -2*a + 3. Let f(w) = -3*b(w) - 4*k(w). Suppose 0 = 3*u - 12, u = 5*c - 4*u + 40. Calculate f(c).
1
Let o = -27 + 19. Let g = -9 - o. Let d(c) = 32*c + 4. Let l(u) = 8*u + 1. Let h(x) = -2*d(x) + 9*l(x). Give h(g).
-7
Let b(r) = -r**2 - 7*r - 2. Let u be b(-3). Let d(w) = u*w**3 + 3*w - w - 5 - w**2 + 4. Determine d(1).
10
Let v(k) be the third derivative of k**6/120 + k**5/20 - k**4/6 + k**3/2 + 4*k**2. Let i(l) = -l**3 + 10*l**2 - 9*l - 4. Let o be i(9). Calculate v(o).
3
Let n(p) be the second derivative of -p**6/180 - p**5/120 - 3*p**3/2 + 4*p. Let m(f) be the second derivative of n(f). Calculate m(-1).
-1
Suppose 2*r - 12*r = 40. Let x(j) = -j**3 - 4*j**2 + 2*j + 1. What is x(r)?
-7
Suppose 14*b + u - 20 = 19*b, 0 = 5*b - 3*u + 30. Let n(f) be the first derivative of 2*f**3/3 + 3*f**2/2 + 3*f + 1. Determine n(b).
12
Suppose 5*y = -25, -2*h + 6*h - 5*y - 61 = 0. Let u = -6 + h. Let k(q) = -4 + u + q - 2*q. Give k(-1).
0
Suppose 5*v - 20 = 0, c = -0*c - v + 8. Let w be ((-7)/(-2))/((-7)/56*c). Let f(j) = -j + 9. Give f(w).
16
Let f(s) = -34 + 76 - 40 - 2*s**3 - 2*s**2 + 3*s**3 - 2*s. What is f(-2)?
-10
Suppose 0 = j + 3, -2*y - 5*j + 0*j + 5 = 0. Suppose 4*u + d - y = u, -2*u + 3*d = -3. Let l(v) = v**3 - 3*v**2 + 3*v + 4. What is l(u)?
13
Let l(q) = -13 + 3*q**2 - 6*q**3 + 10*q**3 + 18*q**2 + 40 - 5*q**3 - 21*q. Give l(20).
7
Let b(d) be the second derivative of -2*d**3/3 + d**2 + 14*d + 1. Give b(